{"id":5591,"date":"2019-11-27T20:25:25","date_gmt":"2019-11-27T20:25:25","guid":{"rendered":"http:\/\/www.srbatom.gov.rs\/srbatomm\/nuklearna-sigurnost-danas\/"},"modified":"2019-11-28T14:21:56","modified_gmt":"2019-11-28T14:21:56","slug":"nuklearna-sigurnost-danas","status":"publish","type":"page","link":"https:\/\/www.srbatom.gov.rs\/srbatomm\/nuklearna-sigurnost-danas\/?lang=bs","title":{"rendered":"Nuklearna sigurnost danas"},"content":{"rendered":"<p>[et_pb_section fb_built=&#8220;1&#8243; _builder_version=&#8220;4.0.6&#8243; background_image=&#8220;https:\/\/www.srbatom.gov.rs\/srbatomm\/wp-content\/uploads\/2019\/11\/NSD1.jpg&#8220; custom_padding=&#8220;150px||0px||false|false&#8220;][et_pb_row column_structure=&#8220;1_2,1_2&#8243; use_custom_gutter=&#8220;on&#8220; gutter_width=&#8220;1&#8243; _builder_version=&#8220;3.29.3&#8243; width=&#8220;100%&#8220; max_width=&#8220;2560px&#8220; custom_padding=&#8220;0px||0px||true|false&#8220;][et_pb_column type=&#8220;1_2&#8243; _builder_version=&#8220;3.29.3&#8243; background_color=&#8220;rgba(0,132,180,0.9)&#8220; custom_padding=&#8220;50px|75px|50px|75px|true|true&#8220; border_radii=&#8220;off||50px||&#8220;][et_pb_text _builder_version=&#8220;4.0.6&#8243; background_layout=&#8220;dark&#8220; hover_enabled=&#8220;0&#8243; header_font_size_tablet=&#8220;32px&#8220; header_font_size_phone=&#8220;28px&#8220; header_font_size_last_edited=&#8220;on|phone&#8220;]<\/p>\n<h1>Konferencija \u201dNuklearna sigurnost danas\u201d<\/h1>\n<h1>odr\u017eana 25. novembra 2019.godine<\/h1>\n<p>[\/et_pb_text][\/et_pb_column][et_pb_column type=&#8220;1_2&#8243; _builder_version=&#8220;3.29.3&#8243;][\/et_pb_column][\/et_pb_row][\/et_pb_section][et_pb_section fb_built=&#8220;1&#8243; use_custom_gutter=&#8220;on&#8220; gutter_width=&#8220;2&#8243; specialty=&#8220;on&#8220; module_class=&#8220;top-home&#8220; _builder_version=&#8220;3.29.3&#8243; background_color=&#8220;#ffffff&#8220; custom_padding=&#8220;0px||0px||true|false&#8220;][et_pb_column type=&#8220;3_4&#8243; specialty_columns=&#8220;3&#8243; _builder_version=&#8220;3.25&#8243; custom_padding=&#8220;|||&#8220; custom_padding__hover=&#8220;|||&#8220;][et_pb_row_inner _builder_version=&#8220;3.29.3&#8243; custom_padding=&#8220;50px||50px||false|false&#8220;][et_pb_column_inner saved_specialty_column_type=&#8220;3_4&#8243; _builder_version=&#8220;3.29.3&#8243;][et_pb_text _builder_version=&#8220;4.0.6&#8243;]Nuklearne tehnologije su dragocena tekovina civilizacije. Zapla\u0161enost nas \u010desto spre\u010dava da shvatimo i koristimo vrednosti nuklearnih tehnologija za \u010dove\u010danstvo. Zapla\u0161enost nas \u010desto spre\u010dava \u010dak i da se INFORMI\u0160EMO &#8211; i, na osnovu PRAVIH informacija, odlu\u010dimo gde \u017eelimo da ih koristimo, a gde ne.<\/p>\n<p>&nbsp;<\/p>\n<p>Da bismo komunikaciju o ovim temama u\u010dinili pristupa\u010dnijom za \u0161iru javnost, kao i da bi javnost dobila prave informacije, u Domu Narodne skup\u0161tine Srbije 25. novembra 2019. godine odr\u017eana konferencija \u201cNuklearna sigurnost danas\u201d.<\/p>\n<p>&nbsp;<\/p>\n<p>Konferenciju je otvorila Maja Gojkovi\u0107, predsednica Narodne skup\u0161tine Republike Srbije i predsednica Odbora Direktorata. Na otvaranju su tako\u0111e govorili Sla\u0111an Velinov, direktor Direktorata (SRBATOM), prof. dr Vladimir Popovi\u0107, dr\u017eavni sekretar u Ministarstvu prosvete, nauke i tehnolo\u0161kog razvoja, prof. dr Sne\u017eana Pajovi\u0107, v.d. direktora Instituta za nuklearne nauke \u201eVin\u010da\u201c i Dalibor Arbutina, direktor JP Nuklearni objekti Srbije (NOS).<\/p>\n<p>&nbsp;<\/p>\n<p>U produ\u017eetku mo\u017eete pogledati kompletan program konferencije, kao i njen tok u obliku snimljenih video-segmenata.[\/et_pb_text][et_pb_text _builder_version=&#8220;4.0.6&#8243;]<em>Maja Gojkovi\u0107, predsednica Narodne skup\u0161tine Republike Srbije i predsednica Odbora Direktorata za radijacionu i nuklearnu sigurnost i bezbednost Srbije<\/em>[\/et_pb_text][et_pb_video src=&#8220;https:\/\/www.youtube.com\/watch?v=V6sUc07ag10&#038;feature=youtu.be&#8220; _builder_version=&#8220;4.0.6&#8243;][\/et_pb_video][\/et_pb_column_inner][\/et_pb_row_inner][et_pb_row_inner _builder_version=&#8220;4.0.6&#8243;][et_pb_column_inner saved_specialty_column_type=&#8220;3_4&#8243; _builder_version=&#8220;4.0.6&#8243;][et_pb_text _builder_version=&#8220;4.0.6&#8243;]<em>Sla\u0111an Velinov, direktor Direktorata za radijacionu i nuklearnu sigurnost i bezbednost Srbije<\/em>[\/et_pb_text][et_pb_video src=&#8220;https:\/\/www.youtube.com\/watch?v=QjQhmCpozqI&#038;feature=youtu.be&#8220; _builder_version=&#8220;4.0.6&#8243;][\/et_pb_video][\/et_pb_column_inner][\/et_pb_row_inner][et_pb_row_inner _builder_version=&#8220;4.0.6&#8243;][et_pb_column_inner saved_specialty_column_type=&#8220;3_4&#8243; _builder_version=&#8220;4.0.6&#8243;][et_pb_text _builder_version=&#8220;4.0.6&#8243;]<em>Prof.dr Vladimir Popovi\u0107, dr\u017eavni sekretar u Ministarstvu prosvete, nauke i tehnoloskog razvoja Vlade Republike Srbije<\/em>[\/et_pb_text][et_pb_video src=&#8220;https:\/\/www.youtube.com\/watch?v=dl1uY81n2qg&#038;feature=youtu.be&#8220; _builder_version=&#8220;4.0.6&#8243;][\/et_pb_video][\/et_pb_column_inner][\/et_pb_row_inner][et_pb_row_inner _builder_version=&#8220;4.0.6&#8243;][et_pb_column_inner saved_specialty_column_type=&#8220;3_4&#8243; _builder_version=&#8220;4.0.6&#8243;][et_pb_text _builder_version=&#8220;4.0.6&#8243;]<em>Prof. dr Sne\u017eana Pajovi\u0107, v.d. direktora Instituta za nuklearne nauke \u201cVin\u010da\u201d<\/em>[\/et_pb_text][et_pb_video src=&#8220;https:\/\/www.youtube.com\/watch?v=9bv8MKXLcB4&#038;feature=youtu.be&#8220; _builder_version=&#8220;4.0.6&#8243;][\/et_pb_video][\/et_pb_column_inner][\/et_pb_row_inner][et_pb_row_inner _builder_version=&#8220;4.0.6&#8243;][et_pb_column_inner saved_specialty_column_type=&#8220;3_4&#8243; _builder_version=&#8220;4.0.6&#8243;][et_pb_text _builder_version=&#8220;4.0.6&#8243;]<em>Dalibor Arbutina, v. d. direktora JP \u201cNuklearni objekti Srbije\u201d<\/em>[\/et_pb_text][et_pb_video src=&#8220;https:\/\/www.youtube.com\/watch?v=8N_4DehOHHo&#038;feature=youtu.be&#8220; _builder_version=&#8220;4.0.6&#8243;][\/et_pb_video][\/et_pb_column_inner][\/et_pb_row_inner][et_pb_row_inner _builder_version=&#8220;4.0.6&#8243;][et_pb_column_inner saved_specialty_column_type=&#8220;3_4&#8243; _builder_version=&#8220;4.0.6&#8243;][et_pb_text _builder_version=&#8220;4.0.6&#8243;]<em><span style=\"font-size: 10.5pt; font-family: 'Open Sans',sans-serif; color: #666666;\">Panel 1 &#8211; Nuklearna sigurnost nekad i sad<\/span><\/em><\/p>\n<p><em><span style=\"font-size: 10.5pt; font-family: 'Open Sans',sans-serif; color: #666666;\">U\u010desnici: Dr \u0110or\u0111e Lazarevi\u0107, zamenik rukovodioca Sektora za razvoj i primenu nuklearnih tehnologija, Nuklearni objekti Srbije Zoran Dra\u010de, rukovodilac sektora u Me\u0111unarodnoj agenciji za atomsku energiju (IAEA) Vedrana Vuleti\u0107, rukovodilac Odseka za monitoring, kontrolu i vanredne situacije, SRBATOM Moderator: Marina Kosanovi\u0107<\/span><\/em>[\/et_pb_text][et_pb_video src=&#8220;https:\/\/www.youtube.com\/watch?v=nwKw_i4YpkI&#038;feature=youtu.be&#8220; _builder_version=&#8220;4.0.6&#8243;][\/et_pb_video][\/et_pb_column_inner][\/et_pb_row_inner][et_pb_row_inner _builder_version=&#8220;4.0.6&#8243;][et_pb_column_inner saved_specialty_column_type=&#8220;3_4&#8243; _builder_version=&#8220;4.0.6&#8243;][et_pb_text _builder_version=&#8220;4.0.6&#8243;]<em><span style=\"font-size: 10.5pt; font-family: 'Open Sans',sans-serif; color: #666666;\">Panel 2: Koristi od zra\u010denja &#8211; primene u privredi i medicini<\/span><\/em><\/p>\n<p><em><span style=\"font-size: 10.5pt; font-family: 'Open Sans',sans-serif; color: #666666;\">U\u010desnici: Dr Sanja Vranje\u0161 \u0110uri\u0107, direktor Laboratorije za radioizotope, Institut za nuklearne nauke &#8222;Vin\u010da&#8220; Dr Milovan Matovi\u0107, Klini\u010dki centar Kragujevac Dr Ivica Vuj\u010di\u0107, rukovodilac dozimetrije Radijacione jedinice, Institut za nuklearne nauke &#8222;Vin\u010da&#8220; Milan Vujovi\u0107, na\u010delnik Odeljenja za kontrolu radijacionih delatnosti i nuklearnih aktivnosti, SRBATOM Moderator: Nemanja Veliki\u0107, tv Pink<\/span><\/em>[\/et_pb_text][et_pb_video src=&#8220;https:\/\/www.youtube.com\/watch?v=lZowWqXH_2M&#038;feature=youtu.be&#8220; _builder_version=&#8220;4.0.6&#8243;][\/et_pb_video][\/et_pb_column_inner][\/et_pb_row_inner][et_pb_row_inner _builder_version=&#8220;4.0.6&#8243;][et_pb_column_inner saved_specialty_column_type=&#8220;3_4&#8243; _builder_version=&#8220;4.0.6&#8243;][et_pb_text _builder_version=&#8220;4.0.6&#8243;]<em><span style=\"font-size: 10.5pt; font-family: 'Open Sans',sans-serif; color: #666666;\">Panel 3 : Radioaktivni otpad i nuklearni materijal<\/span><\/em><\/p>\n<p><em><span style=\"font-size: 10.5pt; font-family: 'Open Sans',sans-serif; color: #666666;\">U\u010desnici: dr Milutin Jevremovi\u0107, rukovodilac Sektora za upravljanje radioaktivnim otpadom, Nuklearni objekti Srbije Prof. dr Darko Trifunovi\u0107, direktor Instituta za nacionalnu i me\u0111unarodnu bezbednost Vladimir Janji\u0107, pomo\u0107nik direktora\/rukovodilac Inspekcije, SRBATOM Moderator: Sanja Radan, novinar<\/span><\/em>[\/et_pb_text][et_pb_video src=&#8220;https:\/\/www.youtube.com\/watch?v=vCZl7wgmHb8&#038;feature=youtu.be&#8220; _builder_version=&#8220;4.0.6&#8243;][\/et_pb_video][\/et_pb_column_inner][\/et_pb_row_inner][et_pb_row_inner _builder_version=&#8220;4.0.6&#8243;][et_pb_column_inner saved_specialty_column_type=&#8220;3_4&#8243; _builder_version=&#8220;4.0.6&#8243;][et_pb_text _builder_version=&#8220;4.0.6&#8243;]<em><span style=\"font-size: 10.5pt; font-family: 'Open Sans',sans-serif; color: #666666;\">Panel 4: Regulativa, kontrola, komunikacija sa javno\u0161\u0107u i fenomen &#8222;\u010cernobilj&#8220; u popularnoj kulturi<\/span><\/em><\/p>\n<p><em><span style=\"font-size: 10.5pt; font-family: 'Open Sans',sans-serif; color: #666666;\">U\u010desnici: dr Bojan Radak, savetnik direktora, SRBATOM Radmila \u0106orovi\u0107 Medenica, direktor Spoljnotrgovinskog prometa, Institut za nuklearne nauke \u201cVin\u010da\u201d Robert \u010coban, Kolor Pres Grupa Prof dr Goran Mila\u0161inovi\u0107, kardiolog i pisac Moderator: Bojan Bilbija, Politika<\/span><\/em>[\/et_pb_text][et_pb_video src=&#8220;https:\/\/www.youtube.com\/watch?v=iXRRiLjVeXc&#038;feature=youtu.be&#8220; _builder_version=&#8220;4.0.6&#8243;][\/et_pb_video][et_pb_text _builder_version=&#8220;4.0.6&#8243;]<span style=\"font-size: 10.5pt; font-family: 'Open Sans',sans-serif; color: #666666; background: #EEEEEE;\">Izvor&nbsp;<\/span><em style=\"font-variant-ligatures: normal; font-variant-caps: normal; orphans: 2; text-align: start; widows: 2; -webkit-text-stroke-width: 0px; text-decoration-style: initial; text-decoration-color: initial; word-spacing: 0px;\"><span style=\"font-family: 'Open Sans',sans-serif;\">Color Media Communications<\/span><\/em>[\/et_pb_text][\/et_pb_column_inner][\/et_pb_row_inner][\/et_pb_column][et_pb_column type=&#8220;1_4&#8243; _builder_version=&#8220;3.25&#8243; custom_padding=&#8220;|||&#8220; custom_padding__hover=&#8220;|||&#8220;][et_pb_sidebar area=&#8220;sidebar-1&#8243; _builder_version=&#8220;3.29.3&#8243; custom_margin=&#8220;20px||||false|false&#8220;][\/et_pb_sidebar][\/et_pb_column][\/et_pb_section]<\/p>\n","protected":false},"excerpt":{"rendered":"<p>Konferencija \u201dNuklearna sigurnost danas\u201d odr\u017eana 25. novembra 2019.godine Nuklearne tehnologije su dragocena tekovina civilizacije. Zapla\u0161enost nas \u010desto spre\u010dava da shvatimo i koristimo vrednosti nuklearnih tehnologija za \u010dove\u010danstvo. Zapla\u0161enost nas \u010desto spre\u010dava \u010dak i da se INFORMI\u0160EMO &#8211; i, na osnovu PRAVIH informacija, odlu\u010dimo gde \u017eelimo da ih koristimo, a gde ne. &nbsp; Da bismo komunikaciju [&hellip;]<\/p>\n","protected":false},"author":2,"featured_media":0,"parent":0,"menu_order":0,"comment_status":"closed","ping_status":"closed","template":"","meta":{"_et_pb_use_builder":"on","_et_pb_old_content":"","_et_gb_content_width":"","ngg_post_thumbnail":0,"footnotes":""},"class_list":["post-5591","page","type-page","status-publish","hentry"],"_links":{"self":[{"href":"https:\/\/www.srbatom.gov.rs\/srbatomm\/wp-json\/wp\/v2\/pages\/5591","targetHints":{"allow":["GET"]}}],"collection":[{"href":"https:\/\/www.srbatom.gov.rs\/srbatomm\/wp-json\/wp\/v2\/pages"}],"about":[{"href":"https:\/\/www.srbatom.gov.rs\/srbatomm\/wp-json\/wp\/v2\/types\/page"}],"author":[{"embeddable":true,"href":"https:\/\/www.srbatom.gov.rs\/srbatomm\/wp-json\/wp\/v2\/users\/2"}],"replies":[{"embeddable":true,"href":"https:\/\/www.srbatom.gov.rs\/srbatomm\/wp-json\/wp\/v2\/comments?post=5591"}],"version-history":[{"count":3,"href":"https:\/\/www.srbatom.gov.rs\/srbatomm\/wp-json\/wp\/v2\/pages\/5591\/revisions"}],"predecessor-version":[{"id":5594,"href":"https:\/\/www.srbatom.gov.rs\/srbatomm\/wp-json\/wp\/v2\/pages\/5591\/revisions\/5594"}],"wp:attachment":[{"href":"https:\/\/www.srbatom.gov.rs\/srbatomm\/wp-json\/wp\/v2\/media?parent=5591"}],"curies":[{"name":"wp","href":"https:\/\/api.w.org\/{rel}","templated":true}]}}